{"id":2021,"date":"2020-02-18T06:11:50","date_gmt":"2020-02-18T06:11:50","guid":{"rendered":"http:\/\/jorgefajardotenor.com\/?page_id=2021"},"modified":"2025-02-11T20:49:00","modified_gmt":"2025-02-12T02:49:00","slug":"carrera-del-tenor-mexicano","status":"publish","type":"page","link":"https:\/\/jorgefajardotenor.com\/fr\/carrera-del-tenor-mexicano\/","title":{"rendered":"Parcours"},"content":{"rendered":"<div class=\"wpb-content-wrapper\"><p>[vc_row][vc_column]<div class=\"ult-spacer spacer-69ef7d307d41c\" data-id=\"69ef7d307d41c\" data-height=\"50\" data-height-mobile=\"50\" data-height-tab=\"50\" data-height-tab-portrait=\"\" data-height-mobile-landscape=\"\" style=\"clear:both;display:block;\"><\/div>[\/vc_column][\/vc_row][vc_row gap=\u00a0\u00bb20&Prime; equal_height=\u00a0\u00bbyes\u00a0\u00bb][vc_column custom_w=\u00a0\u00bb\u00a0\u00bb width=\u00a0\u00bb1\/2&Prime; css=\u00a0\u00bb.vc_custom_1586451030800{padding-right: 45px !important;padding-left: 60px !important;}\u00a0\u00bb][vc_images_carousel images=\u00a0\u00bb2951,2954,2960,2963,2966,2969&Prime; img_size=\u00a0\u00bbfull\u00a0\u00bb onclick=\u00a0\u00bblink_no\u00a0\u00bb speed=\u00a0\u00bb4000&Prime; autoplay=\u00a0\u00bbyes\u00a0\u00bb wrap=\u00a0\u00bbyes\u00a0\u00bb css_animation=\u00a0\u00bbfadeInLeft\u00a0\u00bb][\/vc_column][vc_column custom_w=\u00a0\u00bb\u00a0\u00bb width=\u00a0\u00bb1\/2&Prime; css=\u00a0\u00bb.vc_custom_1586323470090{padding-right: 45px !important;padding-left: 45px !important;}\u00a0\u00bb][vc_column_text css_animation=\u00a0\u00bbfadeInRight\u00a0\u00bb]<\/p>\n<h2><span style=\"color: #d6ba8d;\">La course en tant que t\u00e9nor<\/span><\/h2>\n<p>&nbsp;<\/p>\n<p><span style=\"color: #999999;\">Le t\u00e9nor mexicain Jorge Fajardo se caract\u00e9rise par son \u00e9clectisme pour r\u00e9ussir \u00e0 pr\u00e9senter les \u0153uvres les plus dramatiques et exigeantes telles que l\u2019Op\u00e9ra romantique, l\u2019Oratoire ou le Lied, mais aussi des \u0153uvres comiques et l\u00e9g\u00e8res telles que l\u2019Opereta, le Th\u00e9\u00e2tre Musical, la Zarzuela et \u00e0 pr\u00e9senter d\u2019autres personnages \u00e0 connotation comique.<\/span>[\/vc_column_text][\/vc_column][\/vc_row][vc_row][vc_column]<div class=\"ult-spacer spacer-69ef7d307d431\" data-id=\"69ef7d307d431\" data-height=\"60\" data-height-mobile=\"60\" data-height-tab=\"60\" data-height-tab-portrait=\"\" data-height-mobile-landscape=\"\" style=\"clear:both;display:block;\"><\/div>[vc_separator color=\u00a0\u00bbcustom\u00a0\u00bb accent_color=\u00a0\u00bb#d6ba8d\u00a0\u00bb]<div class=\"ult-spacer spacer-69ef7d307d44c\" data-id=\"69ef7d307d44c\" data-height=\"60\" data-height-mobile=\"60\" data-height-tab=\"60\" data-height-tab-portrait=\"\" data-height-mobile-landscape=\"\" style=\"clear:both;display:block;\"><\/div>[\/vc_column][\/vc_row][vc_row gap=\u00a0\u00bb20&Prime;][vc_column custom_w=\u00a0\u00bb\u00a0\u00bb width=\u00a0\u00bb1\/2&Prime; css=\u00a0\u00bb.vc_custom_1586392740476{padding-right: 45px !important;padding-left: 45px !important;}\u00a0\u00bb][vc_column_text css_animation=\u00a0\u00bbfadeInLeft\u00a0\u00bb]<\/p>\n<h2><span style=\"color: #d6ba8d;\">Acteur<\/span><\/h2>\n<p>&nbsp;<\/p>\n<p><span style=\"color: #999999;\">Jorge fait preuve d&rsquo;un grand talent d&rsquo;acteur, ce qui lui a valu le prix \u00ab\u00a0Gaviota Maricela Lara\u00a0\u00bb en tant qu&rsquo;acteur et t\u00e9nor d\u00e9butant.<\/span>[\/vc_column_text][\/vc_column][vc_column custom_w=\u00a0\u00bb\u00a0\u00bb width=\u00a0\u00bb1\/2&Prime; css=\u00a0\u00bb.vc_custom_1586392759185{padding-right: 45px !important;padding-left: 45px !important;}\u00a0\u00bb][vc_images_carousel images=\u00a0\u00bb3224,2973,2976,2979,2982,2985,2988&Prime; img_size=\u00a0\u00bbfull\u00a0\u00bb onclick=\u00a0\u00bblink_no\u00a0\u00bb speed=\u00a0\u00bb4000&Prime; autoplay=\u00a0\u00bbyes\u00a0\u00bb wrap=\u00a0\u00bbyes\u00a0\u00bb css_animation=\u00a0\u00bbfadeInRight\u00a0\u00bb css=\u00a0\u00bb.vc_custom_1586643715657{margin-right: 30px !important;margin-left: 50px !important;}\u00a0\u00bb][\/vc_column][\/vc_row][vc_row][vc_column]<div class=\"ult-spacer spacer-69ef7d307d460\" data-id=\"69ef7d307d460\" data-height=\"60\" data-height-mobile=\"60\" data-height-tab=\"60\" data-height-tab-portrait=\"\" data-height-mobile-landscape=\"\" style=\"clear:both;display:block;\"><\/div>[vc_separator color=\u00a0\u00bbcustom\u00a0\u00bb accent_color=\u00a0\u00bb#d6ba8d\u00a0\u00bb]<div class=\"ult-spacer spacer-69ef7d307d473\" data-id=\"69ef7d307d473\" data-height=\"60\" data-height-mobile=\"60\" data-height-tab=\"60\" data-height-tab-portrait=\"\" data-height-mobile-landscape=\"\" style=\"clear:both;display:block;\"><\/div>[\/vc_column][\/vc_row][vc_row gap=\u00a0\u00bb20&Prime;][vc_column custom_w=\u00a0\u00bb\u00a0\u00bb width=\u00a0\u00bb1\/2&Prime; css=\u00a0\u00bb.vc_custom_1586392875879{padding-right: 45px !important;padding-left: 45px !important;}\u00a0\u00bb][vc_images_carousel images=\u00a0\u00bb2991,2994,2997,3000,3003&Prime; img_size=\u00a0\u00bbfull\u00a0\u00bb onclick=\u00a0\u00bblink_no\u00a0\u00bb speed=\u00a0\u00bb4000&Prime; autoplay=\u00a0\u00bbyes\u00a0\u00bb wrap=\u00a0\u00bbyes\u00a0\u00bb css_animation=\u00a0\u00bbfadeInLeft\u00a0\u00bb][\/vc_column][vc_column custom_w=\u00a0\u00bb\u00a0\u00bb width=\u00a0\u00bb1\/2&Prime; css=\u00a0\u00bb.vc_custom_1586392949379{padding-right: 45px !important;padding-left: 45px !important;}\u00a0\u00bb][vc_column_text css_animation=\u00a0\u00bbfadeInRight\u00a0\u00bb css=\u00a0\u00bb\u00a0\u00bb]<\/p>\n<h2><span style=\"color: #d6ba8d;\">Directeur<\/span><\/h2>\n<p>&nbsp;<\/p>\n<p><span style=\"color: #999999;\">De 2016 \u00e0 2019, il a dirig\u00e9 le Ch\u0153ur de l&rsquo;Institut Culturel Allemand Goethe, et de 2019 \u00e0 2020, le Ch\u0153ur Caliopus du CENLEX Santo Tom\u00e1s de l&rsquo;Institut Polytechnique National.<br \/>\n<\/span>[\/vc_column_text][\/vc_column][\/vc_row][vc_row][vc_column]<div class=\"ult-spacer spacer-69ef7d307d486\" data-id=\"69ef7d307d486\" data-height=\"60\" data-height-mobile=\"60\" data-height-tab=\"60\" data-height-tab-portrait=\"\" data-height-mobile-landscape=\"\" style=\"clear:both;display:block;\"><\/div>[vc_separator color=\u00a0\u00bbcustom\u00a0\u00bb accent_color=\u00a0\u00bb#d6ba8d\u00a0\u00bb]<div class=\"ult-spacer spacer-69ef7d307d49c\" data-id=\"69ef7d307d49c\" data-height=\"60\" data-height-mobile=\"60\" data-height-tab=\"60\" data-height-tab-portrait=\"\" data-height-mobile-landscape=\"\" style=\"clear:both;display:block;\"><\/div>[\/vc_column][\/vc_row][vc_row gap=\u00a0\u00bb20&Prime;][vc_column custom_w=\u00a0\u00bb\u00a0\u00bb width=\u00a0\u00bb1\/2&Prime; css=\u00a0\u00bb.vc_custom_1586392967625{padding-right: 45px !important;padding-left: 45px !important;}\u00a0\u00bb][vc_column_text css_animation=\u00a0\u00bbfadeInLeft\u00a0\u00bb css=\u00a0\u00bb\u00a0\u00bb]<\/p>\n<h2><span style=\"color: #d6ba8d;\">Professeur<\/span><\/h2>\n<p>&nbsp;<\/p>\n<p><span style=\"color: #999999;\">Son amour pour l&rsquo;enseignement l&rsquo;a conduit, en 2009, \u00e0 fonder sa propre acad\u00e9mie de chant, o\u00f9 il a form\u00e9 plus de 80 \u00e9l\u00e8ves de diff\u00e9rents niveaux en pr\u00e9sentiel, tout en pr\u00e9parant \u00e9galement, en ligne, divers amateurs en Angleterre, en Allemagne, aux \u00c9tats-Unis et au Chili.<\/span><\/p>\n<p><span style=\"color: #999999;\">Il est important de mentionner qu&rsquo;un pourcentage \u00e9lev\u00e9 de ses \u00e9l\u00e8ves ont \u00e9t\u00e9 admis en licence de chant dans diverses \u00e9coles professionnelles de musique \u00e0 Mexico.<\/span><\/p>\n<p><span style=\"color: #999999;\">De plus, ses comp\u00e9tences p\u00e9dagogiques l&rsquo;ont amen\u00e9 \u00e0 enseigner le chant au Conservatoire de Musique et de Danse du Tarn en France, \u00e0 l&rsquo;UNAM Canada, ainsi qu&rsquo;au Festival CoralCun au Mexique.<\/span><br \/>\n[\/vc_column_text][\/vc_column][vc_column custom_w=\u00a0\u00bb\u00a0\u00bb width=\u00a0\u00bb1\/2&Prime; css=\u00a0\u00bb.vc_custom_1586392985722{padding-right: 45px !important;padding-left: 45px !important;}\u00a0\u00bb][vc_images_carousel images=\u00a0\u00bb3006,3009,3012,3015,3018&Prime; img_size=\u00a0\u00bbfull\u00a0\u00bb onclick=\u00a0\u00bblink_no\u00a0\u00bb speed=\u00a0\u00bb4000&Prime; autoplay=\u00a0\u00bbyes\u00a0\u00bb wrap=\u00a0\u00bbyes\u00a0\u00bb css=\u00a0\u00bb.vc_custom_1586456242576{margin-right: 30px !important;margin-left: 50px !important;}\u00a0\u00bb][\/vc_column][\/vc_row]<\/p>\n<\/div>","protected":false},"excerpt":{"rendered":"<p>[vc_row][vc_column][\/vc_column][\/vc_row][vc_row gap=\u00a0\u00bb20&Prime; equal_height=\u00a0\u00bbyes\u00a0\u00bb][vc_column custom_w=\u00a0\u00bb\u00a0\u00bb width=\u00a0\u00bb1\/2&Prime; css=\u00a0\u00bb.vc_custom_1586451030800{padding-right: 45px !important;padding-left: 60px !important;}\u00a0\u00bb][vc_images_carousel images=\u00a0\u00bb2951,2954,2960,2963,2966,2969&Prime; img_size=\u00a0\u00bbfull\u00a0\u00bb onclick=\u00a0\u00bblink_no\u00a0\u00bb speed=\u00a0\u00bb4000&Prime; autoplay=\u00a0\u00bbyes\u00a0\u00bb wrap=\u00a0\u00bbyes\u00a0\u00bb css_animation=\u00a0\u00bbfadeInLeft\u00a0\u00bb][\/vc_column][vc_column custom_w=\u00a0\u00bb\u00a0\u00bb width=\u00a0\u00bb1\/2&Prime; css=\u00a0\u00bb.vc_custom_1586323470090{padding-right: 45px !important;padding-left: 45px !important;}\u00a0\u00bb][vc_column_text css_animation=\u00a0\u00bbfadeInRight\u00a0\u00bb] La course en tant que t\u00e9nor &nbsp; Le t\u00e9nor mexicain Jorge Fajardo se caract\u00e9rise par son \u00e9clectisme pour r\u00e9ussir \u00e0 pr\u00e9senter les \u0153uvres les plus [&hellip;]<\/p>\n","protected":false},"author":2,"featured_media":0,"parent":0,"menu_order":0,"comment_status":"closed","ping_status":"closed","template":"","meta":{"footnotes":""},"yst_prominent_words":[503,328,374,340,322,330,36,112,505,508,327,504,323,325,506,28],"class_list":["post-2021","page","type-page","status-publish","hentry"],"_links":{"self":[{"href":"https:\/\/jorgefajardotenor.com\/fr\/wp-json\/wp\/v2\/pages\/2021"}],"collection":[{"href":"https:\/\/jorgefajardotenor.com\/fr\/wp-json\/wp\/v2\/pages"}],"about":[{"href":"https:\/\/jorgefajardotenor.com\/fr\/wp-json\/wp\/v2\/types\/page"}],"author":[{"embeddable":true,"href":"https:\/\/jorgefajardotenor.com\/fr\/wp-json\/wp\/v2\/users\/2"}],"replies":[{"embeddable":true,"href":"https:\/\/jorgefajardotenor.com\/fr\/wp-json\/wp\/v2\/comments?post=2021"}],"version-history":[{"count":98,"href":"https:\/\/jorgefajardotenor.com\/fr\/wp-json\/wp\/v2\/pages\/2021\/revisions"}],"predecessor-version":[{"id":3725,"href":"https:\/\/jorgefajardotenor.com\/fr\/wp-json\/wp\/v2\/pages\/2021\/revisions\/3725"}],"wp:attachment":[{"href":"https:\/\/jorgefajardotenor.com\/fr\/wp-json\/wp\/v2\/media?parent=2021"}],"wp:term":[{"taxonomy":"yst_prominent_words","embeddable":true,"href":"https:\/\/jorgefajardotenor.com\/fr\/wp-json\/wp\/v2\/yst_prominent_words?post=2021"}],"curies":[{"name":"wp","href":"https:\/\/api.w.org\/{rel}","templated":true}]}}

<div class="wpb-content-wrapper"><p>[vc_row][vc_column]<div class="ult-spacer spacer-69ef7d307d41c" data-id="69ef7d307d41c" data-height="50" data-height-mobile="50" data-height-tab="50" data-height-tab-portrait="" data-height-mobile-landscape="" style="clear:both;display:block;"></div>[/vc_column][/vc_row][vc_row gap= »20&Prime; equal_height= »yes »][vc_column custom_w= » » width= »1/2&Prime; css= ».vc_custom_1586451030800{padding-right: 45px !important;padding-left: 60px !important;} »][vc_images_carousel images= »2951,2954,2960,2963,2966,2969&Prime; img_size= »full » onclick= »link_no » speed= »4000&Prime; autoplay= »yes » wrap= »yes » css_animation= »fadeInLeft »][/vc_column][vc_column custom_w= » » width= »1/2&Prime; css= ».vc_custom_1586323470090{padding-right: 45px !important;padding-left: 45px !important;} »][vc_column_text css_animation= »fadeInRight »]</p>
<h2><span style="color: #d6ba8d;">La course en tant que ténor</span></h2>
<p>&nbsp;</p>
<p><span style="color: #999999;">Le ténor mexicain Jorge Fajardo se caractérise par son éclectisme pour réussir à présenter les œuvres les plus dramatiques et exigeantes telles que l’Opéra romantique, l’Oratoire ou le Lied, mais aussi des œuvres comiques et légères telles que l’Opereta, le Théâtre Musical, la Zarzuela et à présenter d’autres personnages à connotation comique.</span>[/vc_column_text][/vc_column][/vc_row][vc_row][vc_column]<div class="ult-spacer spacer-69ef7d307d431" data-id="69ef7d307d431" data-height="60" data-height-mobile="60" data-height-tab="60" data-height-tab-portrait="" data-height-mobile-landscape="" style="clear:both;display:block;"></div>[vc_separator color= »custom » accent_color= »#d6ba8d »]<div class="ult-spacer spacer-69ef7d307d44c" data-id="69ef7d307d44c" data-height="60" data-height-mobile="60" data-height-tab="60" data-height-tab-portrait="" data-height-mobile-landscape="" style="clear:both;display:block;"></div>[/vc_column][/vc_row][vc_row gap= »20&Prime;][vc_column custom_w= » » width= »1/2&Prime; css= ».vc_custom_1586392740476{padding-right: 45px !important;padding-left: 45px !important;} »][vc_column_text css_animation= »fadeInLeft »]</p>
<h2><span style="color: #d6ba8d;">Acteur</span></h2>
<p>&nbsp;</p>
<p><span style="color: #999999;">Jorge fait preuve d&rsquo;un grand talent d&rsquo;acteur, ce qui lui a valu le prix « Gaviota Maricela Lara » en tant qu&rsquo;acteur et ténor débutant.</span>[/vc_column_text][/vc_column][vc_column custom_w= » » width= »1/2&Prime; css= ».vc_custom_1586392759185{padding-right: 45px !important;padding-left: 45px !important;} »][vc_images_carousel images= »3224,2973,2976,2979,2982,2985,2988&Prime; img_size= »full » onclick= »link_no » speed= »4000&Prime; autoplay= »yes » wrap= »yes » css_animation= »fadeInRight » css= ».vc_custom_1586643715657{margin-right: 30px !important;margin-left: 50px !important;} »][/vc_column][/vc_row][vc_row][vc_column]<div class="ult-spacer spacer-69ef7d307d460" data-id="69ef7d307d460" data-height="60" data-height-mobile="60" data-height-tab="60" data-height-tab-portrait="" data-height-mobile-landscape="" style="clear:both;display:block;"></div>[vc_separator color= »custom » accent_color= »#d6ba8d »]<div class="ult-spacer spacer-69ef7d307d473" data-id="69ef7d307d473" data-height="60" data-height-mobile="60" data-height-tab="60" data-height-tab-portrait="" data-height-mobile-landscape="" style="clear:both;display:block;"></div>[/vc_column][/vc_row][vc_row gap= »20&Prime;][vc_column custom_w= » » width= »1/2&Prime; css= ».vc_custom_1586392875879{padding-right: 45px !important;padding-left: 45px !important;} »][vc_images_carousel images= »2991,2994,2997,3000,3003&Prime; img_size= »full » onclick= »link_no » speed= »4000&Prime; autoplay= »yes » wrap= »yes » css_animation= »fadeInLeft »][/vc_column][vc_column custom_w= » » width= »1/2&Prime; css= ».vc_custom_1586392949379{padding-right: 45px !important;padding-left: 45px !important;} »][vc_column_text css_animation= »fadeInRight » css= » »]</p>
<h2><span style="color: #d6ba8d;">Directeur</span></h2>
<p>&nbsp;</p>
<p><span style="color: #999999;">De 2016 à 2019, il a dirigé le Chœur de l&rsquo;Institut Culturel Allemand Goethe, et de 2019 à 2020, le Chœur Caliopus du CENLEX Santo Tomás de l&rsquo;Institut Polytechnique National.<br />
</span>[/vc_column_text][/vc_column][/vc_row][vc_row][vc_column]<div class="ult-spacer spacer-69ef7d307d486" data-id="69ef7d307d486" data-height="60" data-height-mobile="60" data-height-tab="60" data-height-tab-portrait="" data-height-mobile-landscape="" style="clear:both;display:block;"></div>[vc_separator color= »custom » accent_color= »#d6ba8d »]<div class="ult-spacer spacer-69ef7d307d49c" data-id="69ef7d307d49c" data-height="60" data-height-mobile="60" data-height-tab="60" data-height-tab-portrait="" data-height-mobile-landscape="" style="clear:both;display:block;"></div>[/vc_column][/vc_row][vc_row gap= »20&Prime;][vc_column custom_w= » » width= »1/2&Prime; css= ».vc_custom_1586392967625{padding-right: 45px !important;padding-left: 45px !important;} »][vc_column_text css_animation= »fadeInLeft » css= » »]</p>
<h2><span style="color: #d6ba8d;">Professeur</span></h2>
<p>&nbsp;</p>
<p><span style="color: #999999;">Son amour pour l&rsquo;enseignement l&rsquo;a conduit, en 2009, à fonder sa propre académie de chant, où il a formé plus de 80 élèves de différents niveaux en présentiel, tout en préparant également, en ligne, divers amateurs en Angleterre, en Allemagne, aux États-Unis et au Chili.</span></p>
<p><span style="color: #999999;">Il est important de mentionner qu&rsquo;un pourcentage élevé de ses élèves ont été admis en licence de chant dans diverses écoles professionnelles de musique à Mexico.</span></p>
<p><span style="color: #999999;">De plus, ses compétences pédagogiques l&rsquo;ont amené à enseigner le chant au Conservatoire de Musique et de Danse du Tarn en France, à l&rsquo;UNAM Canada, ainsi qu&rsquo;au Festival CoralCun au Mexique.</span><br />
[/vc_column_text][/vc_column][vc_column custom_w= » » width= »1/2&Prime; css= ».vc_custom_1586392985722{padding-right: 45px !important;padding-left: 45px !important;} »][vc_images_carousel images= »3006,3009,3012,3015,3018&Prime; img_size= »full » onclick= »link_no » speed= »4000&Prime; autoplay= »yes » wrap= »yes » css= ».vc_custom_1586456242576{margin-right: 30px !important;margin-left: 50px !important;} »][/vc_column][/vc_row]</p>
</div>

<p>[vc_row][vc_column][/vc_column][/vc_row][vc_row gap= »20&Prime; equal_height= »yes »][vc_column custom_w= » » width= »1/2&Prime; css= ».vc_custom_1586451030800{padding-right: 45px !important;padding-left: 60px !important;} »][vc_images_carousel images= »2951,2954,2960,2963,2966,2969&Prime; img_size= »full » onclick= »link_no » speed= »4000&Prime; autoplay= »yes » wrap= »yes » css_animation= »fadeInLeft »][/vc_column][vc_column custom_w= » » width= »1/2&Prime; css= ».vc_custom_1586323470090{padding-right: 45px !important;padding-left: 45px !important;} »][vc_column_text css_animation= »fadeInRight »] La course en tant que ténor &nbsp; Le ténor mexicain Jorge Fajardo se caractérise par son éclectisme pour réussir à présenter les œuvres les plus [&hellip;]</p>
