{"id":2021,"date":"2020-02-18T06:11:50","date_gmt":"2020-02-18T06:11:50","guid":{"rendered":"http:\/\/jorgefajardotenor.com\/?page_id=2021"},"modified":"2025-02-11T20:49:00","modified_gmt":"2025-02-12T02:49:00","slug":"carrera-del-tenor-mexicano","status":"publish","type":"page","link":"https:\/\/jorgefajardotenor.com\/en\/carrera-del-tenor-mexicano\/","title":{"rendered":"Trajectory"},"content":{"rendered":"<div class=\"wpb-content-wrapper\"><p>[vc_row][vc_column]<div class=\"ult-spacer spacer-69ef80456bbb8\" data-id=\"69ef80456bbb8\" data-height=\"50\" data-height-mobile=\"50\" data-height-tab=\"50\" data-height-tab-portrait=\"\" data-height-mobile-landscape=\"\" style=\"clear:both;display:block;\"><\/div>[\/vc_column][\/vc_row][vc_row gap=&#8221;20&#8243; equal_height=&#8221;yes&#8221;][vc_column custom_w=&#8221;&#8221; width=&#8221;1\/2&#8243; css=&#8221;.vc_custom_1586451030800{padding-right: 45px !important;padding-left: 60px !important;}&#8221;][vc_images_carousel images=&#8221;2951,2954,2960,2963,2966,2969&#8243; img_size=&#8221;full&#8221; onclick=&#8221;link_no&#8221; speed=&#8221;4000&#8243; autoplay=&#8221;yes&#8221; wrap=&#8221;yes&#8221; css_animation=&#8221;fadeInLeft&#8221;][\/vc_column][vc_column custom_w=&#8221;&#8221; width=&#8221;1\/2&#8243; css=&#8221;.vc_custom_1586323470090{padding-right: 45px !important;padding-left: 45px !important;}&#8221;][vc_column_text css_animation=&#8221;fadeInRight&#8221;]<\/p>\n<h2><span style=\"color: #d6ba8d;\">His career as a tenor<\/span><\/h2>\n<p>&nbsp;<\/p>\n<p><span style=\"color: #999999;\">Mexican tenor Jorge Fajardo stands out for his versatility to approach from the most dramatic and demanding works, such as romantic operas, oratorios or Lied, to comical and light works such as operettas, stage musical theater, zarzuelas and other characters with comical tinges.<\/span>[\/vc_column_text][\/vc_column][\/vc_row][vc_row][vc_column]<div class=\"ult-spacer spacer-69ef80456bbca\" data-id=\"69ef80456bbca\" data-height=\"60\" data-height-mobile=\"60\" data-height-tab=\"60\" data-height-tab-portrait=\"\" data-height-mobile-landscape=\"\" style=\"clear:both;display:block;\"><\/div>[vc_separator color=&#8221;custom&#8221; accent_color=&#8221;#d6ba8d&#8221;]<div class=\"ult-spacer spacer-69ef80456bbdc\" data-id=\"69ef80456bbdc\" data-height=\"60\" data-height-mobile=\"60\" data-height-tab=\"60\" data-height-tab-portrait=\"\" data-height-mobile-landscape=\"\" style=\"clear:both;display:block;\"><\/div>[\/vc_column][\/vc_row][vc_row gap=&#8221;20&#8243;][vc_column custom_w=&#8221;&#8221; width=&#8221;1\/2&#8243; css=&#8221;.vc_custom_1586392740476{padding-right: 45px !important;padding-left: 45px !important;}&#8221;][vc_column_text css_animation=&#8221;fadeInLeft&#8221;]<\/p>\n<h2><span style=\"color: #d6ba8d;\">Actor<\/span><\/h2>\n<p>&nbsp;<\/p>\n<p><span style=\"color: #999999;\">Jorge has shown a great histrionic capability as an actor, which has earned him the \u201cGaviota Maricela Lara\u201d award as Actor and Tenor Revelation.<\/span>[\/vc_column_text][\/vc_column][vc_column custom_w=&#8221;&#8221; width=&#8221;1\/2&#8243; css=&#8221;.vc_custom_1586392759185{padding-right: 45px !important;padding-left: 45px !important;}&#8221;][vc_images_carousel images=&#8221;3224,2973,2976,2979,2982,2985,2988&#8243; img_size=&#8221;full&#8221; onclick=&#8221;link_no&#8221; speed=&#8221;4000&#8243; autoplay=&#8221;yes&#8221; wrap=&#8221;yes&#8221; css_animation=&#8221;fadeInRight&#8221; css=&#8221;.vc_custom_1586643715657{margin-right: 30px !important;margin-left: 50px !important;}&#8221;][\/vc_column][\/vc_row][vc_row][vc_column]<div class=\"ult-spacer spacer-69ef80456bbee\" data-id=\"69ef80456bbee\" data-height=\"60\" data-height-mobile=\"60\" data-height-tab=\"60\" data-height-tab-portrait=\"\" data-height-mobile-landscape=\"\" style=\"clear:both;display:block;\"><\/div>[vc_separator color=&#8221;custom&#8221; accent_color=&#8221;#d6ba8d&#8221;]<div class=\"ult-spacer spacer-69ef80456bc12\" data-id=\"69ef80456bc12\" data-height=\"60\" data-height-mobile=\"60\" data-height-tab=\"60\" data-height-tab-portrait=\"\" data-height-mobile-landscape=\"\" style=\"clear:both;display:block;\"><\/div>[\/vc_column][\/vc_row][vc_row gap=&#8221;20&#8243;][vc_column custom_w=&#8221;&#8221; width=&#8221;1\/2&#8243; css=&#8221;.vc_custom_1586392875879{padding-right: 45px !important;padding-left: 45px !important;}&#8221;][vc_images_carousel images=&#8221;2991,2994,2997,3000,3003&#8243; img_size=&#8221;full&#8221; onclick=&#8221;link_no&#8221; speed=&#8221;4000&#8243; autoplay=&#8221;yes&#8221; wrap=&#8221;yes&#8221; css_animation=&#8221;fadeInLeft&#8221;][\/vc_column][vc_column custom_w=&#8221;&#8221; width=&#8221;1\/2&#8243; css=&#8221;.vc_custom_1586392949379{padding-right: 45px !important;padding-left: 45px !important;}&#8221;][vc_column_text css_animation=&#8221;fadeInRight&#8221; css=&#8221;&#8221;]<\/p>\n<h2><span style=\"color: #d6ba8d;\">Director<\/span><\/h2>\n<p>&nbsp;<\/p>\n<p><span style=\"color: #999999;\">He directed the chorus of the Instituto Cultural Alem\u00e1n Goethe (Goethe German Cultural Institute) from 2016 to 2019, and the Coral Caliopus of the Instituto Polit\u00e9cnico Nacional Santo Tom\u00e1s CENLEX (Foreign Language Teaching Center of the National Polytechnic Institute-Santo Tom\u00e1s campus) from 2019 to 2020.<\/span>[\/vc_column_text][\/vc_column][\/vc_row][vc_row][vc_column]<div class=\"ult-spacer spacer-69ef80456bc23\" data-id=\"69ef80456bc23\" data-height=\"60\" data-height-mobile=\"60\" data-height-tab=\"60\" data-height-tab-portrait=\"\" data-height-mobile-landscape=\"\" style=\"clear:both;display:block;\"><\/div>[vc_separator color=&#8221;custom&#8221; accent_color=&#8221;#d6ba8d&#8221;]<div class=\"ult-spacer spacer-69ef80456bc33\" data-id=\"69ef80456bc33\" data-height=\"60\" data-height-mobile=\"60\" data-height-tab=\"60\" data-height-tab-portrait=\"\" data-height-mobile-landscape=\"\" style=\"clear:both;display:block;\"><\/div>[\/vc_column][\/vc_row][vc_row gap=&#8221;20&#8243;][vc_column custom_w=&#8221;&#8221; width=&#8221;1\/2&#8243; css=&#8221;.vc_custom_1586392967625{padding-right: 45px !important;padding-left: 45px !important;}&#8221;][vc_column_text css_animation=&#8221;fadeInLeft&#8221; css=&#8221;&#8221;]<\/p>\n<h2><span style=\"color: #d6ba8d;\">Professor<\/span><\/h2>\n<p>&nbsp;<\/p>\n<p><span style=\"color: #999999;\">His love for teaching lead him to establish his own singing academy in 2009, where he has taught more than 80 pupils of different levels attending in person, and has also coached online various dilettantes in England, Germany, USA and Chile.<\/span><\/p>\n<p><span style=\"color: #999999;\">It is important to mention that a significant proportion of his pupils have entered various professional music schools in Mexico City to obtain a bahcelor\u2019s degree in singing.<\/span><\/p>\n<p><span style=\"color: #999999;\">His skills in teaching have also lead him to teach singing at the Tarn Music and Dance Conservatoire in France, at UNAM Canada (National Autonomous University of Mexico, campus Canada) and at the CoralCun Festival in Mexico.<\/span>[\/vc_column_text][\/vc_column][vc_column custom_w=&#8221;&#8221; width=&#8221;1\/2&#8243; css=&#8221;.vc_custom_1586392985722{padding-right: 45px !important;padding-left: 45px !important;}&#8221;][vc_images_carousel images=&#8221;3006,3009,3012,3015,3018&#8243; img_size=&#8221;full&#8221; onclick=&#8221;link_no&#8221; speed=&#8221;4000&#8243; autoplay=&#8221;yes&#8221; wrap=&#8221;yes&#8221; css=&#8221;.vc_custom_1586456242576{margin-right: 30px !important;margin-left: 50px !important;}&#8221;][\/vc_column][\/vc_row]<\/p>\n<\/div>","protected":false},"excerpt":{"rendered":"<p>[vc_row][vc_column][\/vc_column][\/vc_row][vc_row gap=&#8221;20&#8243; equal_height=&#8221;yes&#8221;][vc_column custom_w=&#8221;&#8221; width=&#8221;1\/2&#8243; css=&#8221;.vc_custom_1586451030800{padding-right: 45px !important;padding-left: 60px !important;}&#8221;][vc_images_carousel images=&#8221;2951,2954,2960,2963,2966,2969&#8243; img_size=&#8221;full&#8221; onclick=&#8221;link_no&#8221; speed=&#8221;4000&#8243; autoplay=&#8221;yes&#8221; wrap=&#8221;yes&#8221; css_animation=&#8221;fadeInLeft&#8221;][\/vc_column][vc_column custom_w=&#8221;&#8221; width=&#8221;1\/2&#8243; css=&#8221;.vc_custom_1586323470090{padding-right: 45px !important;padding-left: 45px !important;}&#8221;][vc_column_text css_animation=&#8221;fadeInRight&#8221;] His career as a tenor &nbsp; Mexican tenor Jorge Fajardo stands out for his versatility to approach from the most dramatic and demanding works, such [&hellip;]<\/p>\n","protected":false},"author":2,"featured_media":0,"parent":0,"menu_order":0,"comment_status":"closed","ping_status":"closed","template":"","meta":{"footnotes":""},"yst_prominent_words":[503,328,374,340,322,330,36,112,505,508,327,504,323,325,506,28],"class_list":["post-2021","page","type-page","status-publish","hentry"],"_links":{"self":[{"href":"https:\/\/jorgefajardotenor.com\/en\/wp-json\/wp\/v2\/pages\/2021"}],"collection":[{"href":"https:\/\/jorgefajardotenor.com\/en\/wp-json\/wp\/v2\/pages"}],"about":[{"href":"https:\/\/jorgefajardotenor.com\/en\/wp-json\/wp\/v2\/types\/page"}],"author":[{"embeddable":true,"href":"https:\/\/jorgefajardotenor.com\/en\/wp-json\/wp\/v2\/users\/2"}],"replies":[{"embeddable":true,"href":"https:\/\/jorgefajardotenor.com\/en\/wp-json\/wp\/v2\/comments?post=2021"}],"version-history":[{"count":98,"href":"https:\/\/jorgefajardotenor.com\/en\/wp-json\/wp\/v2\/pages\/2021\/revisions"}],"predecessor-version":[{"id":3725,"href":"https:\/\/jorgefajardotenor.com\/en\/wp-json\/wp\/v2\/pages\/2021\/revisions\/3725"}],"wp:attachment":[{"href":"https:\/\/jorgefajardotenor.com\/en\/wp-json\/wp\/v2\/media?parent=2021"}],"wp:term":[{"taxonomy":"yst_prominent_words","embeddable":true,"href":"https:\/\/jorgefajardotenor.com\/en\/wp-json\/wp\/v2\/yst_prominent_words?post=2021"}],"curies":[{"name":"wp","href":"https:\/\/api.w.org\/{rel}","templated":true}]}}

<div class="wpb-content-wrapper"><p>[vc_row][vc_column]<div class="ult-spacer spacer-69ef80456bbb8" data-id="69ef80456bbb8" data-height="50" data-height-mobile="50" data-height-tab="50" data-height-tab-portrait="" data-height-mobile-landscape="" style="clear:both;display:block;"></div>[/vc_column][/vc_row][vc_row gap=&#8221;20&#8243; equal_height=&#8221;yes&#8221;][vc_column custom_w=&#8221;&#8221; width=&#8221;1/2&#8243; css=&#8221;.vc_custom_1586451030800{padding-right: 45px !important;padding-left: 60px !important;}&#8221;][vc_images_carousel images=&#8221;2951,2954,2960,2963,2966,2969&#8243; img_size=&#8221;full&#8221; onclick=&#8221;link_no&#8221; speed=&#8221;4000&#8243; autoplay=&#8221;yes&#8221; wrap=&#8221;yes&#8221; css_animation=&#8221;fadeInLeft&#8221;][/vc_column][vc_column custom_w=&#8221;&#8221; width=&#8221;1/2&#8243; css=&#8221;.vc_custom_1586323470090{padding-right: 45px !important;padding-left: 45px !important;}&#8221;][vc_column_text css_animation=&#8221;fadeInRight&#8221;]</p>
<h2><span style="color: #d6ba8d;">His career as a tenor</span></h2>
<p>&nbsp;</p>
<p><span style="color: #999999;">Mexican tenor Jorge Fajardo stands out for his versatility to approach from the most dramatic and demanding works, such as romantic operas, oratorios or Lied, to comical and light works such as operettas, stage musical theater, zarzuelas and other characters with comical tinges.</span>[/vc_column_text][/vc_column][/vc_row][vc_row][vc_column]<div class="ult-spacer spacer-69ef80456bbca" data-id="69ef80456bbca" data-height="60" data-height-mobile="60" data-height-tab="60" data-height-tab-portrait="" data-height-mobile-landscape="" style="clear:both;display:block;"></div>[vc_separator color=&#8221;custom&#8221; accent_color=&#8221;#d6ba8d&#8221;]<div class="ult-spacer spacer-69ef80456bbdc" data-id="69ef80456bbdc" data-height="60" data-height-mobile="60" data-height-tab="60" data-height-tab-portrait="" data-height-mobile-landscape="" style="clear:both;display:block;"></div>[/vc_column][/vc_row][vc_row gap=&#8221;20&#8243;][vc_column custom_w=&#8221;&#8221; width=&#8221;1/2&#8243; css=&#8221;.vc_custom_1586392740476{padding-right: 45px !important;padding-left: 45px !important;}&#8221;][vc_column_text css_animation=&#8221;fadeInLeft&#8221;]</p>
<h2><span style="color: #d6ba8d;">Actor</span></h2>
<p>&nbsp;</p>
<p><span style="color: #999999;">Jorge has shown a great histrionic capability as an actor, which has earned him the “Gaviota Maricela Lara” award as Actor and Tenor Revelation.</span>[/vc_column_text][/vc_column][vc_column custom_w=&#8221;&#8221; width=&#8221;1/2&#8243; css=&#8221;.vc_custom_1586392759185{padding-right: 45px !important;padding-left: 45px !important;}&#8221;][vc_images_carousel images=&#8221;3224,2973,2976,2979,2982,2985,2988&#8243; img_size=&#8221;full&#8221; onclick=&#8221;link_no&#8221; speed=&#8221;4000&#8243; autoplay=&#8221;yes&#8221; wrap=&#8221;yes&#8221; css_animation=&#8221;fadeInRight&#8221; css=&#8221;.vc_custom_1586643715657{margin-right: 30px !important;margin-left: 50px !important;}&#8221;][/vc_column][/vc_row][vc_row][vc_column]<div class="ult-spacer spacer-69ef80456bbee" data-id="69ef80456bbee" data-height="60" data-height-mobile="60" data-height-tab="60" data-height-tab-portrait="" data-height-mobile-landscape="" style="clear:both;display:block;"></div>[vc_separator color=&#8221;custom&#8221; accent_color=&#8221;#d6ba8d&#8221;]<div class="ult-spacer spacer-69ef80456bc12" data-id="69ef80456bc12" data-height="60" data-height-mobile="60" data-height-tab="60" data-height-tab-portrait="" data-height-mobile-landscape="" style="clear:both;display:block;"></div>[/vc_column][/vc_row][vc_row gap=&#8221;20&#8243;][vc_column custom_w=&#8221;&#8221; width=&#8221;1/2&#8243; css=&#8221;.vc_custom_1586392875879{padding-right: 45px !important;padding-left: 45px !important;}&#8221;][vc_images_carousel images=&#8221;2991,2994,2997,3000,3003&#8243; img_size=&#8221;full&#8221; onclick=&#8221;link_no&#8221; speed=&#8221;4000&#8243; autoplay=&#8221;yes&#8221; wrap=&#8221;yes&#8221; css_animation=&#8221;fadeInLeft&#8221;][/vc_column][vc_column custom_w=&#8221;&#8221; width=&#8221;1/2&#8243; css=&#8221;.vc_custom_1586392949379{padding-right: 45px !important;padding-left: 45px !important;}&#8221;][vc_column_text css_animation=&#8221;fadeInRight&#8221; css=&#8221;&#8221;]</p>
<h2><span style="color: #d6ba8d;">Director</span></h2>
<p>&nbsp;</p>
<p><span style="color: #999999;">He directed the chorus of the Instituto Cultural Alemán Goethe (Goethe German Cultural Institute) from 2016 to 2019, and the Coral Caliopus of the Instituto Politécnico Nacional Santo Tomás CENLEX (Foreign Language Teaching Center of the National Polytechnic Institute-Santo Tomás campus) from 2019 to 2020.</span>[/vc_column_text][/vc_column][/vc_row][vc_row][vc_column]<div class="ult-spacer spacer-69ef80456bc23" data-id="69ef80456bc23" data-height="60" data-height-mobile="60" data-height-tab="60" data-height-tab-portrait="" data-height-mobile-landscape="" style="clear:both;display:block;"></div>[vc_separator color=&#8221;custom&#8221; accent_color=&#8221;#d6ba8d&#8221;]<div class="ult-spacer spacer-69ef80456bc33" data-id="69ef80456bc33" data-height="60" data-height-mobile="60" data-height-tab="60" data-height-tab-portrait="" data-height-mobile-landscape="" style="clear:both;display:block;"></div>[/vc_column][/vc_row][vc_row gap=&#8221;20&#8243;][vc_column custom_w=&#8221;&#8221; width=&#8221;1/2&#8243; css=&#8221;.vc_custom_1586392967625{padding-right: 45px !important;padding-left: 45px !important;}&#8221;][vc_column_text css_animation=&#8221;fadeInLeft&#8221; css=&#8221;&#8221;]</p>
<h2><span style="color: #d6ba8d;">Professor</span></h2>
<p>&nbsp;</p>
<p><span style="color: #999999;">His love for teaching lead him to establish his own singing academy in 2009, where he has taught more than 80 pupils of different levels attending in person, and has also coached online various dilettantes in England, Germany, USA and Chile.</span></p>
<p><span style="color: #999999;">It is important to mention that a significant proportion of his pupils have entered various professional music schools in Mexico City to obtain a bahcelor’s degree in singing.</span></p>
<p><span style="color: #999999;">His skills in teaching have also lead him to teach singing at the Tarn Music and Dance Conservatoire in France, at UNAM Canada (National Autonomous University of Mexico, campus Canada) and at the CoralCun Festival in Mexico.</span>[/vc_column_text][/vc_column][vc_column custom_w=&#8221;&#8221; width=&#8221;1/2&#8243; css=&#8221;.vc_custom_1586392985722{padding-right: 45px !important;padding-left: 45px !important;}&#8221;][vc_images_carousel images=&#8221;3006,3009,3012,3015,3018&#8243; img_size=&#8221;full&#8221; onclick=&#8221;link_no&#8221; speed=&#8221;4000&#8243; autoplay=&#8221;yes&#8221; wrap=&#8221;yes&#8221; css=&#8221;.vc_custom_1586456242576{margin-right: 30px !important;margin-left: 50px !important;}&#8221;][/vc_column][/vc_row]</p>
</div>
