{"id":2017,"date":"2020-02-18T06:11:21","date_gmt":"2020-02-18T06:11:21","guid":{"rendered":"http:\/\/jorgefajardotenor.com\/?page_id=2017"},"modified":"2025-02-18T22:22:53","modified_gmt":"2025-02-19T04:22:53","slug":"medios","status":"publish","type":"page","link":"https:\/\/jorgefajardotenor.com\/en\/medios\/","title":{"rendered":"Media"},"content":{"rendered":"<div class=\"wpb-content-wrapper\"><p><\/p>\n<p>[vc_row][vc_column][vc_column_text]<\/p>\n<h2 style=\"text-align: center;\"><span style=\"color: #d6ba8d;\">Videos<\/span><\/h2>\n<p>[\/vc_column_text][vc_text_separator title=&#8221;&#8221; i_icon_fontawesome=&#8221;fa fa-video-camera&#8221; i_color=&#8221;custom&#8221; color=&#8221;custom&#8221; css_animation=&#8221;fadeIn&#8221; add_icon=&#8221;true&#8221; i_custom_color=&#8221;#d6ba8d&#8221; accent_color=&#8221;#d6ba8d&#8221;][\/vc_column][\/vc_row][vc_row full_height=&#8221;yes&#8221;][vc_column][vc_tta_tabs style=&#8221;flat&#8221; shape=&#8221;round&#8221; color=&#8221;black&#8221; spacing=&#8221;5&#8243; alignment=&#8221;center&#8221; active_section=&#8221;1&#8243; pagination_style=&#8221;flat-round&#8221; no_fill_content_area=&#8221;true&#8221;][vc_tta_section title=&#8221;Novena &#8211; Beethoven &#8211; OFA&#8221; tab_id=&#8221;1583555458728-33cbe2a1-6153&#8243;][vc_video link=&#8221;https:\/\/www.youtube.com\/watch?v=TgEn2bkMBmw&#8221; el_width=&#8221;80&#8243; el_aspect=&#8221;235&#8243; align=&#8221;center&#8221; css_animation=&#8221;none&#8221; css=&#8221;.vc_custom_1586320909060{background-color: #333333 !important;}&#8221;][\/vc_tta_section][vc_tta_section title=&#8221;Sanctus &#8211; Grande Messe des Morts &#8211; Berlioz&#8221; tab_id=&#8221;1586319970071-cb46920f-29cd&#8221;][vc_video link=&#8221;https:\/\/www.youtube.com\/watch?v=OUQfTAYpwFA&amp;feature=youtu.be&#8221; el_width=&#8221;80&#8243; el_aspect=&#8221;235&#8243; align=&#8221;center&#8221;][\/vc_tta_section][vc_tta_section title=&#8221;Ne poy krasavitsa pri mne &#8211; Rachmaninoff&#8221; tab_id=&#8221;1583555987439-9a4f047e-2303&#8243;][vc_video link=&#8221;https:\/\/www.youtube.com\/watch?v=rOVinKDh15I&#8221; el_width=&#8221;80&#8243; el_aspect=&#8221;235&#8243; align=&#8221;center&#8221; css_animation=&#8221;none&#8221; css=&#8221;.vc_custom_1583555604957{background-color: #333333 !important;}&#8221;][\/vc_tta_section][vc_tta_section title=&#8221;Pang &#8211; Turandot &#8211; Puccini&#8221; tab_id=&#8221;1586319974432-20f9fabc-f803&#8243;][vc_video link=&#8221;https:\/\/www.youtube.com\/watch?v=hBBumM7rT-c&#8221; el_width=&#8221;80&#8243; el_aspect=&#8221;235&#8243; align=&#8221;center&#8221;][\/vc_tta_section][vc_tta_section title=&#8221;Dein ist mein ganzes Herz &#8211; Das Land des L\u00e4chelns &#8211; Franz Lehar&#8221; tab_id=&#8221;1586319975478-d92b98e5-8d2b&#8221;][vc_video link=&#8221;https:\/\/www.youtube.com\/watch?v=WM3xl3Naw_w&#8221; el_width=&#8221;80&#8243; el_aspect=&#8221;235&#8243; align=&#8221;center&#8221;][\/vc_tta_section][vc_tta_section title=&#8221;La fleur que tu m&#8217;avais jet\u00e9e &#8211; Carmen &#8211; Bizet&#8221; tab_id=&#8221;1586319976489-129fb13d-2279&#8243;][vc_video link=&#8221;https:\/\/www.youtube.com\/watch?v=XA8UiRLFn8Y&#8221; el_width=&#8221;80&#8243; el_aspect=&#8221;235&#8243; align=&#8221;center&#8221;][\/vc_tta_section][vc_tta_section title=&#8221;Creo en ti &#8211; Mario Ruiz Armengol&#8221; tab_id=&#8221;1583553376730-a2d9d655-25cd&#8221;][vc_video link=&#8221;https:\/\/www.youtube.com\/watch?v=j1xgbhrW89U&#8221; el_width=&#8221;80&#8243; el_aspect=&#8221;235&#8243; align=&#8221;center&#8221; css_animation=&#8221;none&#8221; css=&#8221;.vc_custom_1583555455511{background-color: #333333 !important;}&#8221;][\/vc_tta_section][\/vc_tta_tabs][\/vc_column][\/vc_row][vc_row][vc_column]<div class=\"ult-spacer spacer-69f4631e29246\" data-id=\"69f4631e29246\" data-height=\"80\" data-height-mobile=\"80\" data-height-tab=\"80\" data-height-tab-portrait=\"\" data-height-mobile-landscape=\"\" style=\"clear:both;display:block;\"><\/div>[\/vc_column][\/vc_row][vc_row][vc_column][vc_column_text]<\/p>\n<h2 style=\"text-align: center;\"><span style=\"color: #d6ba8d;\">Audio<\/span><\/h2>\n<p>[\/vc_column_text][vc_text_separator title=&#8221;&#8221; i_icon_fontawesome=&#8221;fa fa-music&#8221; i_color=&#8221;custom&#8221; color=&#8221;custom&#8221; css_animation=&#8221;fadeIn&#8221; add_icon=&#8221;true&#8221; i_custom_color=&#8221;#d6ba8d&#8221; accent_color=&#8221;#d6ba8d&#8221;][vc_row_inner][vc_column_inner custom_w=&#8221;&#8221; width=&#8221;1\/2&#8243;][vc_single_image image=&#8221;2553&#8243; img_size=&#8221;300&#215;300&#8243; alignment=&#8221;center&#8221; style=&#8221;vc_box_border&#8221; border_color=&#8221;white&#8221; css_animation=&#8221;fadeInLeft&#8221;][vc_column_text]<\/p>\n<h3 style=\"padding-left: 120px;\"><span style=\"color: #999999;\">Jorge Fajardo Tenor,<\/span><\/h3>\n<p>&nbsp;<\/p>\n<h4 style=\"padding-left: 120px;\"><span style=\"color: #999999;\">Coro de la Unidad de Vinculaci\u00f3n Art\u00edstica, UNAM (currently Coral Femenino Harmonn\u00eda),<br \/>\nLuis Hern\u00e1ndez, Piano<br \/>\nDavid Arontes, Director<\/span><\/h4>\n<p>[\/vc_column_text][vc_column_text][\/vc_column_text][\/vc_column_inner][vc_column_inner custom_w=&#8221;&#8221; width=&#8221;1\/2&#8243; css=&#8221;.vc_custom_1586149422471{padding-top: 40px !important;}&#8221;][vc_column_text css_animation=&#8221;fadeInRight&#8221; css=&#8221;.vc_custom_1595566793495{padding-top: -30px !important;padding-right: 20px !important;padding-left: 20px !important;background-position: center !important;background-repeat: no-repeat !important;background-size: cover !important;}&#8221;]<\/p>\n<div class=\"wp-playlist wp-audio-playlist wp-playlist-light\">\n\t\t\t<div class=\"wp-playlist-current-item\"><\/div>\n\t\t<audio controls=\"controls\" preload=\"none\" width=\"1118\"\n\t\t\t><\/audio>\n\t<div class=\"wp-playlist-next\"><\/div>\n\t<div class=\"wp-playlist-prev\"><\/div>\n\t<noscript>\n\t<ol>\n\t\t<li><a href='https:\/\/jorgefajardotenor.com\/wp-content\/uploads\/2020\/04\/13-Uno.mp3'>Uno<\/a><\/li>\t<\/ol>\n\t<\/noscript>\n\t<script type=\"application\/json\" class=\"wp-playlist-script\">{\"type\":\"audio\",\"tracklist\":true,\"tracknumbers\":true,\"images\":false,\"artists\":true,\"tracks\":[{\"src\":\"https:\\\/\\\/jorgefajardotenor.com\\\/wp-content\\\/uploads\\\/2020\\\/04\\\/13-Uno.mp3\",\"type\":\"audio\\\/mpeg\",\"title\":\"Uno\",\"caption\":\"Autor: Mariano Mores \",\"description\":\"\\\"Uno\\\" en Voces de la UVA por Canto Coral Femenil UVA. Lanzamiento: 2016. Pista 13. G\\u00e9nero: Classical Period.\",\"meta\":{\"artist\":\"JORGE FAJARDO TENOR, CORO DE LA UNIDAD DE VINCULACI\\u00d3N ART\\u00cdSTICA DE LA UNAM\",\"album\":\"Voces de la UVA\",\"genre\":\"Classical Period\",\"year\":\"2016\",\"length_formatted\":\"4:23\"},\"image\":{\"src\":\"https:\\\/\\\/jorgefajardotenor.com\\\/wp-includes\\\/images\\\/media\\\/audio.svg\",\"width\":48,\"height\":64},\"thumb\":{\"src\":\"https:\\\/\\\/jorgefajardotenor.com\\\/wp-includes\\\/images\\\/media\\\/audio.svg\",\"width\":48,\"height\":64}}]}<\/script>\n<\/div>\n\t\n<p>[\/vc_column_text][vc_column_text css_animation=&#8221;fadeInRight&#8221; css=&#8221;.vc_custom_1595566805124{padding-right: 20px !important;padding-left: 20px !important;background-position: center !important;background-repeat: no-repeat !important;background-size: cover !important;}&#8221;]<\/p>\n<div class=\"wp-playlist wp-audio-playlist wp-playlist-light\">\n\t\t\t<div class=\"wp-playlist-current-item\"><\/div>\n\t\t<audio controls=\"controls\" preload=\"none\" width=\"1118\"\n\t\t\t><\/audio>\n\t<div class=\"wp-playlist-next\"><\/div>\n\t<div class=\"wp-playlist-prev\"><\/div>\n\t<noscript>\n\t<ol>\n\t\t<li><a href='https:\/\/jorgefajardotenor.com\/wp-content\/uploads\/2020\/04\/16-Por-una-cabeza.mp3'>Por una cabeza<\/a><\/li>\t<\/ol>\n\t<\/noscript>\n\t<script type=\"application\/json\" class=\"wp-playlist-script\">{\"type\":\"audio\",\"tracklist\":true,\"tracknumbers\":true,\"images\":false,\"artists\":true,\"tracks\":[{\"src\":\"https:\\\/\\\/jorgefajardotenor.com\\\/wp-content\\\/uploads\\\/2020\\\/04\\\/16-Por-una-cabeza.mp3\",\"type\":\"audio\\\/mpeg\",\"title\":\"Por una cabeza\",\"caption\":\"Autor: Carlos Gardel\",\"description\":\"\\\"Por una cabeza\\\" en Voces de la UVA por Canto Coral Femenil UVA. Lanzamiento: 2016. Pista 16. G\\u00e9nero: Classical Period.\",\"meta\":{\"artist\":\"JORGE FAJARDO TENOR, CORO DE LA UNIDAD DE VINCULACI\\u00d3N ART\\u00cdSTICA DE LA UNAM\",\"album\":\"Voces de la UVA\",\"genre\":\"Classical Period\",\"year\":\"2016\",\"length_formatted\":\"2:20\"},\"image\":{\"src\":\"https:\\\/\\\/jorgefajardotenor.com\\\/wp-includes\\\/images\\\/media\\\/audio.svg\",\"width\":48,\"height\":64},\"thumb\":{\"src\":\"https:\\\/\\\/jorgefajardotenor.com\\\/wp-includes\\\/images\\\/media\\\/audio.svg\",\"width\":48,\"height\":64}}]}<\/script>\n<\/div>\n\t\n<p>[\/vc_column_text][\/vc_column_inner][\/vc_row_inner][\/vc_column][\/vc_row][vc_row][vc_column]<div class=\"ult-spacer spacer-69f4631e29e2b\" data-id=\"69f4631e29e2b\" data-height=\"80\" data-height-mobile=\"80\" data-height-tab=\"80\" data-height-tab-portrait=\"\" data-height-mobile-landscape=\"\" style=\"clear:both;display:block;\"><\/div>[\/vc_column][\/vc_row][vc_row][vc_column][vc_column_text]<\/p>\n<h2 style=\"text-align: center;\"><span style=\"color: #d6ba8d;\">Photographs<\/span><\/h2>\n<p>[\/vc_column_text][vc_text_separator title=&#8221;&#8221; i_icon_fontawesome=&#8221;fa fa-camera&#8221; i_color=&#8221;custom&#8221; color=&#8221;custom&#8221; css_animation=&#8221;fadeIn&#8221; add_icon=&#8221;true&#8221; i_custom_color=&#8221;#d6ba8d&#8221; accent_color=&#8221;#d6ba8d&#8221;][\/vc_column][vc_column][vc_masonry_media_grid gap=&#8221;10&#8243; item=&#8221;masonryMedia_SlideWithTitleAndCaption&#8221; css=&#8221;&#8221; initial_loading_animation=&#8221;fadeIn&#8221; grid_id=&#8221;vc_gid:1739937370852-bee803c5-f0e2-4&#8243; include=&#8221;3710,3711,3712,3707,3708,3709,2594,3232,2597,2603,2666,2600,2606,2672,2618,2609,2615,2612&#8243;][\/vc_column][\/vc_row]<\/p>\n<p><\/p>\n<\/div>","protected":false},"excerpt":{"rendered":"<p>[vc_row][vc_column][vc_column_text] Videos [\/vc_column_text][vc_text_separator title=&#8221;&#8221; i_icon_fontawesome=&#8221;fa fa-video-camera&#8221; i_color=&#8221;custom&#8221; color=&#8221;custom&#8221; css_animation=&#8221;fadeIn&#8221; add_icon=&#8221;true&#8221; i_custom_color=&#8221;#d6ba8d&#8221; accent_color=&#8221;#d6ba8d&#8221;][\/vc_column][\/vc_row][vc_row full_height=&#8221;yes&#8221;][vc_column][vc_tta_tabs style=&#8221;flat&#8221; shape=&#8221;round&#8221; color=&#8221;black&#8221; spacing=&#8221;5&#8243; alignment=&#8221;center&#8221; active_section=&#8221;1&#8243; pagination_style=&#8221;flat-round&#8221; no_fill_content_area=&#8221;true&#8221;][vc_tta_section title=&#8221;Novena &#8211; Beethoven &#8211; OFA&#8221; tab_id=&#8221;1583555458728-33cbe2a1-6153&#8243;][vc_video link=&#8221;https:\/\/www.youtube.com\/watch?v=TgEn2bkMBmw&#8221; el_width=&#8221;80&#8243; el_aspect=&#8221;235&#8243; align=&#8221;center&#8221; css_animation=&#8221;none&#8221; css=&#8221;.vc_custom_1586320909060{background-color: #333333 !important;}&#8221;][\/vc_tta_section][vc_tta_section title=&#8221;Sanctus &#8211; Grande Messe des Morts &#8211; Berlioz&#8221; tab_id=&#8221;1586319970071-cb46920f-29cd&#8221;][vc_video link=&#8221;https:\/\/www.youtube.com\/watch?v=OUQfTAYpwFA&amp;feature=youtu.be&#8221; el_width=&#8221;80&#8243; el_aspect=&#8221;235&#8243; align=&#8221;center&#8221;][\/vc_tta_section][vc_tta_section title=&#8221;Ne poy [&hellip;]<\/p>\n","protected":false},"author":2,"featured_media":0,"parent":0,"menu_order":0,"comment_status":"closed","ping_status":"closed","template":"","meta":{"footnotes":""},"yst_prominent_words":[],"class_list":["post-2017","page","type-page","status-publish","hentry"],"_links":{"self":[{"href":"https:\/\/jorgefajardotenor.com\/en\/wp-json\/wp\/v2\/pages\/2017"}],"collection":[{"href":"https:\/\/jorgefajardotenor.com\/en\/wp-json\/wp\/v2\/pages"}],"about":[{"href":"https:\/\/jorgefajardotenor.com\/en\/wp-json\/wp\/v2\/types\/page"}],"author":[{"embeddable":true,"href":"https:\/\/jorgefajardotenor.com\/en\/wp-json\/wp\/v2\/users\/2"}],"replies":[{"embeddable":true,"href":"https:\/\/jorgefajardotenor.com\/en\/wp-json\/wp\/v2\/comments?post=2017"}],"version-history":[{"count":51,"href":"https:\/\/jorgefajardotenor.com\/en\/wp-json\/wp\/v2\/pages\/2017\/revisions"}],"predecessor-version":[{"id":3749,"href":"https:\/\/jorgefajardotenor.com\/en\/wp-json\/wp\/v2\/pages\/2017\/revisions\/3749"}],"wp:attachment":[{"href":"https:\/\/jorgefajardotenor.com\/en\/wp-json\/wp\/v2\/media?parent=2017"}],"wp:term":[{"taxonomy":"yst_prominent_words","embeddable":true,"href":"https:\/\/jorgefajardotenor.com\/en\/wp-json\/wp\/v2\/yst_prominent_words?post=2017"}],"curies":[{"name":"wp","href":"https:\/\/api.w.org\/{rel}","templated":true}]}}

<div class="wpb-content-wrapper"><p></p>
<p>[vc_row][vc_column][vc_column_text]</p>
<h2 style="text-align: center;"><span style="color: #d6ba8d;">Videos</span></h2>
<p>[/vc_column_text][vc_text_separator title=&#8221;&#8221; i_icon_fontawesome=&#8221;fa fa-video-camera&#8221; i_color=&#8221;custom&#8221; color=&#8221;custom&#8221; css_animation=&#8221;fadeIn&#8221; add_icon=&#8221;true&#8221; i_custom_color=&#8221;#d6ba8d&#8221; accent_color=&#8221;#d6ba8d&#8221;][/vc_column][/vc_row][vc_row full_height=&#8221;yes&#8221;][vc_column][vc_tta_tabs style=&#8221;flat&#8221; shape=&#8221;round&#8221; color=&#8221;black&#8221; spacing=&#8221;5&#8243; alignment=&#8221;center&#8221; active_section=&#8221;1&#8243; pagination_style=&#8221;flat-round&#8221; no_fill_content_area=&#8221;true&#8221;][vc_tta_section title=&#8221;Novena &#8211; Beethoven &#8211; OFA&#8221; tab_id=&#8221;1583555458728-33cbe2a1-6153&#8243;][vc_video link=&#8221;https://www.youtube.com/watch?v=TgEn2bkMBmw&#8221; el_width=&#8221;80&#8243; el_aspect=&#8221;235&#8243; align=&#8221;center&#8221; css_animation=&#8221;none&#8221; css=&#8221;.vc_custom_1586320909060{background-color: #333333 !important;}&#8221;][/vc_tta_section][vc_tta_section title=&#8221;Sanctus &#8211; Grande Messe des Morts &#8211; Berlioz&#8221; tab_id=&#8221;1586319970071-cb46920f-29cd&#8221;][vc_video link=&#8221;https://www.youtube.com/watch?v=OUQfTAYpwFA&amp;feature=youtu.be&#8221; el_width=&#8221;80&#8243; el_aspect=&#8221;235&#8243; align=&#8221;center&#8221;][/vc_tta_section][vc_tta_section title=&#8221;Ne poy krasavitsa pri mne &#8211; Rachmaninoff&#8221; tab_id=&#8221;1583555987439-9a4f047e-2303&#8243;][vc_video link=&#8221;https://www.youtube.com/watch?v=rOVinKDh15I&#8221; el_width=&#8221;80&#8243; el_aspect=&#8221;235&#8243; align=&#8221;center&#8221; css_animation=&#8221;none&#8221; css=&#8221;.vc_custom_1583555604957{background-color: #333333 !important;}&#8221;][/vc_tta_section][vc_tta_section title=&#8221;Pang &#8211; Turandot &#8211; Puccini&#8221; tab_id=&#8221;1586319974432-20f9fabc-f803&#8243;][vc_video link=&#8221;https://www.youtube.com/watch?v=hBBumM7rT-c&#8221; el_width=&#8221;80&#8243; el_aspect=&#8221;235&#8243; align=&#8221;center&#8221;][/vc_tta_section][vc_tta_section title=&#8221;Dein ist mein ganzes Herz &#8211; Das Land des Lächelns &#8211; Franz Lehar&#8221; tab_id=&#8221;1586319975478-d92b98e5-8d2b&#8221;][vc_video link=&#8221;https://www.youtube.com/watch?v=WM3xl3Naw_w&#8221; el_width=&#8221;80&#8243; el_aspect=&#8221;235&#8243; align=&#8221;center&#8221;][/vc_tta_section][vc_tta_section title=&#8221;La fleur que tu m&#8217;avais jetée &#8211; Carmen &#8211; Bizet&#8221; tab_id=&#8221;1586319976489-129fb13d-2279&#8243;][vc_video link=&#8221;https://www.youtube.com/watch?v=XA8UiRLFn8Y&#8221; el_width=&#8221;80&#8243; el_aspect=&#8221;235&#8243; align=&#8221;center&#8221;][/vc_tta_section][vc_tta_section title=&#8221;Creo en ti &#8211; Mario Ruiz Armengol&#8221; tab_id=&#8221;1583553376730-a2d9d655-25cd&#8221;][vc_video link=&#8221;https://www.youtube.com/watch?v=j1xgbhrW89U&#8221; el_width=&#8221;80&#8243; el_aspect=&#8221;235&#8243; align=&#8221;center&#8221; css_animation=&#8221;none&#8221; css=&#8221;.vc_custom_1583555455511{background-color: #333333 !important;}&#8221;][/vc_tta_section][/vc_tta_tabs][/vc_column][/vc_row][vc_row][vc_column]<div class="ult-spacer spacer-69f4631e29246" data-id="69f4631e29246" data-height="80" data-height-mobile="80" data-height-tab="80" data-height-tab-portrait="" data-height-mobile-landscape="" style="clear:both;display:block;"></div>[/vc_column][/vc_row][vc_row][vc_column][vc_column_text]</p>
<h2 style="text-align: center;"><span style="color: #d6ba8d;">Audio</span></h2>
<p>[/vc_column_text][vc_text_separator title=&#8221;&#8221; i_icon_fontawesome=&#8221;fa fa-music&#8221; i_color=&#8221;custom&#8221; color=&#8221;custom&#8221; css_animation=&#8221;fadeIn&#8221; add_icon=&#8221;true&#8221; i_custom_color=&#8221;#d6ba8d&#8221; accent_color=&#8221;#d6ba8d&#8221;][vc_row_inner][vc_column_inner custom_w=&#8221;&#8221; width=&#8221;1/2&#8243;][vc_single_image image=&#8221;2553&#8243; img_size=&#8221;300&#215;300&#8243; alignment=&#8221;center&#8221; style=&#8221;vc_box_border&#8221; border_color=&#8221;white&#8221; css_animation=&#8221;fadeInLeft&#8221;][vc_column_text]</p>
<h3 style="padding-left: 120px;"><span style="color: #999999;">Jorge Fajardo Tenor,</span></h3>
<p>&nbsp;</p>
<h4 style="padding-left: 120px;"><span style="color: #999999;">Coro de la Unidad de Vinculación Artística, UNAM (currently Coral Femenino Harmonnía),<br />
Luis Hernández, Piano<br />
David Arontes, Director</span></h4>
<p>[/vc_column_text][vc_column_text][/vc_column_text][/vc_column_inner][vc_column_inner custom_w=&#8221;&#8221; width=&#8221;1/2&#8243; css=&#8221;.vc_custom_1586149422471{padding-top: 40px !important;}&#8221;][vc_column_text css_animation=&#8221;fadeInRight&#8221; css=&#8221;.vc_custom_1595566793495{padding-top: -30px !important;padding-right: 20px !important;padding-left: 20px !important;background-position: center !important;background-repeat: no-repeat !important;background-size: cover !important;}&#8221;]</p>
<div class="wp-playlist wp-audio-playlist wp-playlist-light">
			<div class="wp-playlist-current-item"></div>
		<audio controls="controls" preload="none" width="1118"
			></audio>
	<div class="wp-playlist-next"></div>
	<div class="wp-playlist-prev"></div>
	<noscript>
	<ol>
		<li><a href='https://jorgefajardotenor.com/wp-content/uploads/2020/04/13-Uno.mp3'>Uno</a></li>	</ol>
	</noscript>
	<script type="application/json" class="wp-playlist-script">{"type":"audio","tracklist":true,"tracknumbers":true,"images":false,"artists":true,"tracks":[{"src":"https:\/\/jorgefajardotenor.com\/wp-content\/uploads\/2020\/04\/13-Uno.mp3","type":"audio\/mpeg","title":"Uno","caption":"Autor: Mariano Mores ","description":"\"Uno\" en Voces de la UVA por Canto Coral Femenil UVA. Lanzamiento: 2016. Pista 13. G\u00e9nero: Classical Period.","meta":{"artist":"JORGE FAJARDO TENOR, CORO DE LA UNIDAD DE VINCULACI\u00d3N ART\u00cdSTICA DE LA UNAM","album":"Voces de la UVA","genre":"Classical Period","year":"2016","length_formatted":"4:23"},"image":{"src":"https:\/\/jorgefajardotenor.com\/wp-includes\/images\/media\/audio.svg","width":48,"height":64},"thumb":{"src":"https:\/\/jorgefajardotenor.com\/wp-includes\/images\/media\/audio.svg","width":48,"height":64}}]}</script>
</div>
	
<p>[/vc_column_text][vc_column_text css_animation=&#8221;fadeInRight&#8221; css=&#8221;.vc_custom_1595566805124{padding-right: 20px !important;padding-left: 20px !important;background-position: center !important;background-repeat: no-repeat !important;background-size: cover !important;}&#8221;]</p>
<div class="wp-playlist wp-audio-playlist wp-playlist-light">
			<div class="wp-playlist-current-item"></div>
		<audio controls="controls" preload="none" width="1118"
			></audio>
	<div class="wp-playlist-next"></div>
	<div class="wp-playlist-prev"></div>
	<noscript>
	<ol>
		<li><a href='https://jorgefajardotenor.com/wp-content/uploads/2020/04/16-Por-una-cabeza.mp3'>Por una cabeza</a></li>	</ol>
	</noscript>
	<script type="application/json" class="wp-playlist-script">{"type":"audio","tracklist":true,"tracknumbers":true,"images":false,"artists":true,"tracks":[{"src":"https:\/\/jorgefajardotenor.com\/wp-content\/uploads\/2020\/04\/16-Por-una-cabeza.mp3","type":"audio\/mpeg","title":"Por una cabeza","caption":"Autor: Carlos Gardel","description":"\"Por una cabeza\" en Voces de la UVA por Canto Coral Femenil UVA. Lanzamiento: 2016. Pista 16. G\u00e9nero: Classical Period.","meta":{"artist":"JORGE FAJARDO TENOR, CORO DE LA UNIDAD DE VINCULACI\u00d3N ART\u00cdSTICA DE LA UNAM","album":"Voces de la UVA","genre":"Classical Period","year":"2016","length_formatted":"2:20"},"image":{"src":"https:\/\/jorgefajardotenor.com\/wp-includes\/images\/media\/audio.svg","width":48,"height":64},"thumb":{"src":"https:\/\/jorgefajardotenor.com\/wp-includes\/images\/media\/audio.svg","width":48,"height":64}}]}</script>
</div>
	
<p>[/vc_column_text][/vc_column_inner][/vc_row_inner][/vc_column][/vc_row][vc_row][vc_column]<div class="ult-spacer spacer-69f4631e29e2b" data-id="69f4631e29e2b" data-height="80" data-height-mobile="80" data-height-tab="80" data-height-tab-portrait="" data-height-mobile-landscape="" style="clear:both;display:block;"></div>[/vc_column][/vc_row][vc_row][vc_column][vc_column_text]</p>
<h2 style="text-align: center;"><span style="color: #d6ba8d;">Photographs</span></h2>
<p>[/vc_column_text][vc_text_separator title=&#8221;&#8221; i_icon_fontawesome=&#8221;fa fa-camera&#8221; i_color=&#8221;custom&#8221; color=&#8221;custom&#8221; css_animation=&#8221;fadeIn&#8221; add_icon=&#8221;true&#8221; i_custom_color=&#8221;#d6ba8d&#8221; accent_color=&#8221;#d6ba8d&#8221;][/vc_column][vc_column][vc_masonry_media_grid gap=&#8221;10&#8243; item=&#8221;masonryMedia_SlideWithTitleAndCaption&#8221; css=&#8221;&#8221; initial_loading_animation=&#8221;fadeIn&#8221; grid_id=&#8221;vc_gid:1739937370852-bee803c5-f0e2-4&#8243; include=&#8221;3710,3711,3712,3707,3708,3709,2594,3232,2597,2603,2666,2600,2606,2672,2618,2609,2615,2612&#8243;][/vc_column][/vc_row]</p>
<p></p>
</div>
