{"id":2014,"date":"2020-02-18T06:10:55","date_gmt":"2020-02-18T06:10:55","guid":{"rendered":"http:\/\/jorgefajardotenor.com\/?page_id=2014"},"modified":"2025-02-11T20:45:35","modified_gmt":"2025-02-12T02:45:35","slug":"semblanza","status":"publish","type":"page","link":"https:\/\/jorgefajardotenor.com\/de\/semblanza\/","title":{"rendered":"Anschein"},"content":{"rendered":"<div class=\"wpb-content-wrapper\"><p>[vc_row gap=&#8220;35&#8243; css=&#8220;.vc_custom_1586463791162{margin-right: 50px !important;margin-left: 50px !important;}&#8220;][vc_column width=&#8220;1\/2&#8243;][vc_column_text css_animation=&#8220;zoomInDown&#8220; css=&#8220;&#8220;]<span style=\"color: #999999;\">Der mexikanische Tenor Jorge Fajardo hat einen Bachelor-Abschluss in Gesang und einen Master in Interpretation von mexikanischer Konzertmusik am Conservatorio Nacional de M\u00fasica. <\/span><\/p>\n<p><span style=\"color: #999999;\">Professor Fajardo hat mehr als 17 Rollen gespielt im Bereich der Barockoper, romantische Oper, Operette, Zarzuela, Musikkom\u00f6die und Konzertrepertoire gespielt.<\/span><\/p>\n<p><span style=\"color: #999999;\">Er trat auch in Israel, Deutschland, \u00d6sterreich, Brasilien, Kanada, Spanien, Frankreich, Venezuela und der Carnegie Hall in New York City auf.<\/span><\/p>\n<p><span style=\"color: #999999;\">Dar\u00fcber hinaus hat er als Schauspieler B\u00fchnen mit gro\u00dfen Schauspielern wie Ang\u00e9lica Arag\u00f3n, Aar\u00f3n Hern\u00e1n, Roberto D\u2019Amico, Juan Ignacio Aranda und Paulina de Labra geteilt. Wegen seines schauspielerisches Verdienstes verdiente er den &#8222;Gaviota Maricela Lara&#8220; Preis f\u00fcr &#8222;Entdeckung als Schauspieler und Tenor&#8220;.<\/span><\/p>\n<p><span style=\"color: #999999;\">Derzeit verbindet er seine verschiedenen Aktivit\u00e4ten mit der Chorleitung. Von 2016 bis 2019 leitete er den Chor des Goethe-Instituts Mexiko A.C. und anschliessend begann er den &#8222;Coral Caliopus&#8220; des Sprachzentrums des IPN, CENLEX Santo Tom\u00e1s zu leiten.<\/span><\/p>\n<p><span style=\"color: #999999;\">Dar\u00fcber hinaus unterrichtet er seit mehr als vierzehn Jahren an der Academia Fajardo Arontes.<\/span>[\/vc_column_text][\/vc_column][vc_column width=&#8220;1\/2&#8243;][vc_images_carousel images=&#8220;2357,2580,2583&#8243; img_size=&#8220;full&#8220; onclick=&#8220;link_no&#8220; speed=&#8220;4000&#8243; autoplay=&#8220;yes&#8220; wrap=&#8220;yes&#8220; css_animation=&#8220;fadeInRightBig&#8220; css=&#8220;.vc_custom_1586464128190{padding-right: 30px !important;padding-left: 30px !important;}&#8220;][\/vc_column][\/vc_row]<\/p>\n<\/div>","protected":false},"excerpt":{"rendered":"<p>[vc_row gap=&#8220;35&#8243; css=&#8220;.vc_custom_1586463791162{margin-right: 50px !important;margin-left: 50px !important;}&#8220;][vc_column width=&#8220;1\/2&#8243;][vc_column_text css_animation=&#8220;zoomInDown&#8220; css=&#8220;&#8220;]Der mexikanische Tenor Jorge Fajardo hat einen Bachelor-Abschluss in Gesang und einen Master in Interpretation von mexikanischer Konzertmusik am Conservatorio Nacional de M\u00fasica. Professor Fajardo hat mehr als 17 Rollen gespielt im Bereich der Barockoper, romantische Oper, Operette, Zarzuela, Musikkom\u00f6die und [&hellip;]<\/p>\n","protected":false},"author":2,"featured_media":0,"parent":0,"menu_order":0,"comment_status":"closed","ping_status":"closed","template":"","meta":{"footnotes":""},"yst_prominent_words":[345,328,304,334,488,374,347,322,120,330,343,112,351,327,325,28],"class_list":["post-2014","page","type-page","status-publish","hentry"],"_links":{"self":[{"href":"https:\/\/jorgefajardotenor.com\/de\/wp-json\/wp\/v2\/pages\/2014"}],"collection":[{"href":"https:\/\/jorgefajardotenor.com\/de\/wp-json\/wp\/v2\/pages"}],"about":[{"href":"https:\/\/jorgefajardotenor.com\/de\/wp-json\/wp\/v2\/types\/page"}],"author":[{"embeddable":true,"href":"https:\/\/jorgefajardotenor.com\/de\/wp-json\/wp\/v2\/users\/2"}],"replies":[{"embeddable":true,"href":"https:\/\/jorgefajardotenor.com\/de\/wp-json\/wp\/v2\/comments?post=2014"}],"version-history":[{"count":44,"href":"https:\/\/jorgefajardotenor.com\/de\/wp-json\/wp\/v2\/pages\/2014\/revisions"}],"predecessor-version":[{"id":3724,"href":"https:\/\/jorgefajardotenor.com\/de\/wp-json\/wp\/v2\/pages\/2014\/revisions\/3724"}],"wp:attachment":[{"href":"https:\/\/jorgefajardotenor.com\/de\/wp-json\/wp\/v2\/media?parent=2014"}],"wp:term":[{"taxonomy":"yst_prominent_words","embeddable":true,"href":"https:\/\/jorgefajardotenor.com\/de\/wp-json\/wp\/v2\/yst_prominent_words?post=2014"}],"curies":[{"name":"wp","href":"https:\/\/api.w.org\/{rel}","templated":true}]}}

<div class="wpb-content-wrapper"><p>[vc_row gap=&#8220;35&#8243; css=&#8220;.vc_custom_1586463791162{margin-right: 50px !important;margin-left: 50px !important;}&#8220;][vc_column width=&#8220;1/2&#8243;][vc_column_text css_animation=&#8220;zoomInDown&#8220; css=&#8220;&#8220;]<span style="color: #999999;">Der mexikanische Tenor Jorge Fajardo hat einen Bachelor-Abschluss in Gesang und einen Master in Interpretation von mexikanischer Konzertmusik am Conservatorio Nacional de Música. </span></p>
<p><span style="color: #999999;">Professor Fajardo hat mehr als 17 Rollen gespielt im Bereich der Barockoper, romantische Oper, Operette, Zarzuela, Musikkomödie und Konzertrepertoire gespielt.</span></p>
<p><span style="color: #999999;">Er trat auch in Israel, Deutschland, Österreich, Brasilien, Kanada, Spanien, Frankreich, Venezuela und der Carnegie Hall in New York City auf.</span></p>
<p><span style="color: #999999;">Darüber hinaus hat er als Schauspieler Bühnen mit großen Schauspielern wie Angélica Aragón, Aarón Hernán, Roberto D’Amico, Juan Ignacio Aranda und Paulina de Labra geteilt. Wegen seines schauspielerisches Verdienstes verdiente er den &#8222;Gaviota Maricela Lara&#8220; Preis für &#8222;Entdeckung als Schauspieler und Tenor&#8220;.</span></p>
<p><span style="color: #999999;">Derzeit verbindet er seine verschiedenen Aktivitäten mit der Chorleitung. Von 2016 bis 2019 leitete er den Chor des Goethe-Instituts Mexiko A.C. und anschliessend begann er den &#8222;Coral Caliopus&#8220; des Sprachzentrums des IPN, CENLEX Santo Tomás zu leiten.</span></p>
<p><span style="color: #999999;">Darüber hinaus unterrichtet er seit mehr als vierzehn Jahren an der Academia Fajardo Arontes.</span>[/vc_column_text][/vc_column][vc_column width=&#8220;1/2&#8243;][vc_images_carousel images=&#8220;2357,2580,2583&#8243; img_size=&#8220;full&#8220; onclick=&#8220;link_no&#8220; speed=&#8220;4000&#8243; autoplay=&#8220;yes&#8220; wrap=&#8220;yes&#8220; css_animation=&#8220;fadeInRightBig&#8220; css=&#8220;.vc_custom_1586464128190{padding-right: 30px !important;padding-left: 30px !important;}&#8220;][/vc_column][/vc_row]</p>
</div>

<p>[vc_row gap=&#8220;35&#8243; css=&#8220;.vc_custom_1586463791162{margin-right: 50px !important;margin-left: 50px !important;}&#8220;][vc_column width=&#8220;1/2&#8243;][vc_column_text css_animation=&#8220;zoomInDown&#8220; css=&#8220;&#8220;]Der mexikanische Tenor Jorge Fajardo hat einen Bachelor-Abschluss in Gesang und einen Master in Interpretation von mexikanischer Konzertmusik am Conservatorio Nacional de Música. Professor Fajardo hat mehr als 17 Rollen gespielt im Bereich der Barockoper, romantische Oper, Operette, Zarzuela, Musikkomödie und [&hellip;]</p>
